{"id":25,"date":"2016-06-24T10:37:58","date_gmt":"2016-06-24T08:37:58","guid":{"rendered":"http:\/\/92.205.129.62\/Stall-Weingarten\/?page_id=25"},"modified":"2026-01-02T13:04:15","modified_gmt":"2026-01-02T12:04:15","slug":"startseite","status":"publish","type":"page","link":"https:\/\/stall-weingarten.de\/","title":{"rendered":"Home"},"content":{"rendered":"<p><img loading=\"lazy\" decoding=\"async\" class=\"aligncenter wp-image-778 size-full\" src=\"https:\/\/stall-weingarten.de\/wp-content\/uploads\/2022\/05\/cropped-Banner_Home.jpg\" alt=\"\" width=\"1440\" height=\"221\" srcset=\"https:\/\/stall-weingarten.de\/wp-content\/uploads\/2022\/05\/cropped-Banner_Home.jpg 1440w, https:\/\/stall-weingarten.de\/wp-content\/uploads\/2022\/05\/cropped-Banner_Home-300x46.jpg 300w, https:\/\/stall-weingarten.de\/wp-content\/uploads\/2022\/05\/cropped-Banner_Home-1024x157.jpg 1024w, https:\/\/stall-weingarten.de\/wp-content\/uploads\/2022\/05\/cropped-Banner_Home-768x118.jpg 768w, https:\/\/stall-weingarten.de\/wp-content\/uploads\/2022\/05\/cropped-Banner_Home-945x145.jpg 945w, https:\/\/stall-weingarten.de\/wp-content\/uploads\/2022\/05\/cropped-Banner_Home-600x92.jpg 600w\" sizes=\"(max-width: 1440px) 100vw, 1440px\" \/><\/p>\n<h1 style=\"text-align: left;\">Herzlich willkommen auf dem<br \/>\nHof Weingarten<\/h1>\n<p style=\"text-align: left;\">Wir begr\u00fc\u00dfen euch in famili\u00e4rer Atmosph\u00e4re auf unserem Bauernhof im Naturpark Rhein Westerwald. Auf der H\u00f6he des Fockenbachtals gelegen f\u00fchren wir unseren Hof Weingarten mit Pferdepension.&nbsp;<\/p>\n<p style=\"text-align: left;\">Als h\u00f6chstgelegene Gemeinde im Kreis Neuwied (401 m \u00fcNN) f\u00fchren euch eure Ritte durch beeindruckende Landschaften mit herrlichen Ausblicken Richtung Siebengebirge, Eifel und Hunsr\u00fcck. Auch romantische T\u00e4ler, in denen noch Spuren des fr\u00fchen Erzabbaus zu sehen sind, warten darauf, von euch erkundet zu werden.<\/p>\n<p>Unsere beliebten Ponyfreizeiten f\u00fchren wir auch weiterhin in kleinerem Rahmen fort. Schaut euch dazu gerne die<span class=\"apple-converted-space\">&nbsp;<\/span><a href=\"https:\/\/stall-weingarten.de\/index.php\/termine-2026\/\"><strong>Termine 2026<\/strong><\/a><span class=\"apple-converted-space\">&nbsp;<\/span>auf unserer Website an, um mehr zu erfahren!<\/p>\n<p>Unser Familienunternehmen auf der Escherwiese wird bereits in der dritten Generation gef\u00fchrt. Mit unserer Tochter Lilli Weingarten ist die Zukunft unseres Hofes ebenfalls gesichert.<\/p>\n<p>Wir freuen uns \u00fcber euren pers\u00f6nlichen Besuch!<\/p>\n<p><em><strong>Familie Weingarten<\/strong><\/em><\/p>\n<p>&nbsp;<\/p>\n<p>&nbsp;<\/p>\n","protected":false},"excerpt":{"rendered":"<p>Herzlich willkommen auf dem Hof Weingarten Wir begr\u00fc\u00dfen euch in famili\u00e4rer Atmosph\u00e4re auf unserem Bauernhof im Naturpark Rhein Westerwald. Auf der H\u00f6he des Fockenbachtals gelegen f\u00fchren wir unseren Hof Weingarten mit Pferdepension.&nbsp; Als h\u00f6chstgelegene Gemeinde im Kreis Neuwied (401 m&#8230; <a class=\"more-link\" href=\"https:\/\/stall-weingarten.de\/\">Weiterlesen &rarr;<\/a><\/p>\n","protected":false},"author":1,"featured_media":0,"parent":0,"menu_order":1,"comment_status":"closed","ping_status":"closed","template":"template-nosidebar.php","meta":{"ngg_post_thumbnail":0,"footnotes":""},"yoast_head":"<!-- This site is optimized with the Yoast SEO plugin v19.5.1 - https:\/\/yoast.com\/wordpress\/plugins\/seo\/ -->\n<title>Home - Hof Weingarten<\/title>\n<meta name=\"robots\" content=\"index, follow, max-snippet:-1, max-image-preview:large, max-video-preview:-1\" \/>\n<link rel=\"canonical\" href=\"https:\/\/stall-weingarten.de\/\" \/>\n<meta property=\"og:locale\" content=\"de_DE\" \/>\n<meta property=\"og:type\" content=\"article\" \/>\n<meta property=\"og:title\" content=\"Home - Hof Weingarten\" \/>\n<meta property=\"og:description\" content=\"Herzlich willkommen auf dem Hof Weingarten Wir begr\u00fc\u00dfen euch in famili\u00e4rer Atmosph\u00e4re auf unserem Bauernhof im Naturpark Rhein Westerwald. Auf der H\u00f6he des Fockenbachtals gelegen f\u00fchren wir unseren Hof Weingarten mit Pferdepension.&nbsp; Als h\u00f6chstgelegene Gemeinde im Kreis Neuwied (401 m... Weiterlesen &rarr;\" \/>\n<meta property=\"og:url\" content=\"https:\/\/stall-weingarten.de\/\" \/>\n<meta property=\"og:site_name\" content=\"Hof Weingarten\" \/>\n<meta property=\"article:modified_time\" content=\"2026-01-02T12:04:15+00:00\" \/>\n<meta property=\"og:image\" content=\"https:\/\/stall-weingarten.de\/wp-content\/uploads\/2022\/05\/cropped-Banner_Home.jpg\" \/>\n<meta name=\"twitter:card\" content=\"summary\" \/>\n<meta name=\"twitter:label1\" content=\"Gesch\u00e4tzte Lesezeit\" \/>\n\t<meta name=\"twitter:data1\" content=\"2 Minuten\" \/>\n<script type=\"application\/ld+json\" class=\"yoast-schema-graph\">{\"@context\":\"https:\/\/schema.org\",\"@graph\":[{\"@type\":\"WebPage\",\"@id\":\"https:\/\/stall-weingarten.de\/\",\"url\":\"https:\/\/stall-weingarten.de\/\",\"name\":\"Home - Hof Weingarten\",\"isPartOf\":{\"@id\":\"https:\/\/stall-weingarten.de\/#website\"},\"datePublished\":\"2016-06-24T08:37:58+00:00\",\"dateModified\":\"2026-01-02T12:04:15+00:00\",\"breadcrumb\":{\"@id\":\"https:\/\/stall-weingarten.de\/#breadcrumb\"},\"inLanguage\":\"de-DE\",\"potentialAction\":[{\"@type\":\"ReadAction\",\"target\":[\"https:\/\/stall-weingarten.de\/\"]}]},{\"@type\":\"BreadcrumbList\",\"@id\":\"https:\/\/stall-weingarten.de\/#breadcrumb\",\"itemListElement\":[{\"@type\":\"ListItem\",\"position\":1,\"name\":\"Startseite\",\"item\":\"https:\/\/stall-weingarten.de\/\"},{\"@type\":\"ListItem\",\"position\":2,\"name\":\"Home\"}]},{\"@type\":\"WebSite\",\"@id\":\"https:\/\/stall-weingarten.de\/#website\",\"url\":\"https:\/\/stall-weingarten.de\/\",\"name\":\"Hof Weingarten\",\"description\":\"Pferdepension &amp; Wanderreitstation\",\"publisher\":{\"@id\":\"https:\/\/stall-weingarten.de\/#\/schema\/person\/ca106827ebd052b83d652c5b12d2c0f3\"},\"potentialAction\":[{\"@type\":\"SearchAction\",\"target\":{\"@type\":\"EntryPoint\",\"urlTemplate\":\"https:\/\/stall-weingarten.de\/?s={search_term_string}\"},\"query-input\":\"required name=search_term_string\"}],\"inLanguage\":\"de-DE\"},{\"@type\":[\"Person\",\"Organization\"],\"@id\":\"https:\/\/stall-weingarten.de\/#\/schema\/person\/ca106827ebd052b83d652c5b12d2c0f3\",\"name\":\"Andrea Wittlich\",\"image\":{\"@type\":\"ImageObject\",\"inLanguage\":\"de-DE\",\"@id\":\"https:\/\/stall-weingarten.de\/#\/schema\/person\/image\/\",\"url\":\"https:\/\/secure.gravatar.com\/avatar\/15ec4d3210784bd1805dce609e677d23?s=96&d=mm&r=g\",\"contentUrl\":\"https:\/\/secure.gravatar.com\/avatar\/15ec4d3210784bd1805dce609e677d23?s=96&d=mm&r=g\",\"caption\":\"Andrea Wittlich\"},\"logo\":{\"@id\":\"https:\/\/stall-weingarten.de\/#\/schema\/person\/image\/\"},\"sameAs\":[\"http:\/\/Stall-Weingarten.de\"]}]}<\/script>\n<!-- \/ Yoast SEO plugin. -->","yoast_head_json":{"title":"Home - Hof Weingarten","robots":{"index":"index","follow":"follow","max-snippet":"max-snippet:-1","max-image-preview":"max-image-preview:large","max-video-preview":"max-video-preview:-1"},"canonical":"https:\/\/stall-weingarten.de\/","og_locale":"de_DE","og_type":"article","og_title":"Home - Hof Weingarten","og_description":"Herzlich willkommen auf dem Hof Weingarten Wir begr\u00fc\u00dfen euch in famili\u00e4rer Atmosph\u00e4re auf unserem Bauernhof im Naturpark Rhein Westerwald. Auf der H\u00f6he des Fockenbachtals gelegen f\u00fchren wir unseren Hof Weingarten mit Pferdepension.&nbsp; Als h\u00f6chstgelegene Gemeinde im Kreis Neuwied (401 m... Weiterlesen &rarr;","og_url":"https:\/\/stall-weingarten.de\/","og_site_name":"Hof Weingarten","article_modified_time":"2026-01-02T12:04:15+00:00","og_image":[{"url":"https:\/\/stall-weingarten.de\/wp-content\/uploads\/2022\/05\/cropped-Banner_Home.jpg"}],"twitter_card":"summary","twitter_misc":{"Gesch\u00e4tzte Lesezeit":"2 Minuten"},"schema":{"@context":"https:\/\/schema.org","@graph":[{"@type":"WebPage","@id":"https:\/\/stall-weingarten.de\/","url":"https:\/\/stall-weingarten.de\/","name":"Home - Hof Weingarten","isPartOf":{"@id":"https:\/\/stall-weingarten.de\/#website"},"datePublished":"2016-06-24T08:37:58+00:00","dateModified":"2026-01-02T12:04:15+00:00","breadcrumb":{"@id":"https:\/\/stall-weingarten.de\/#breadcrumb"},"inLanguage":"de-DE","potentialAction":[{"@type":"ReadAction","target":["https:\/\/stall-weingarten.de\/"]}]},{"@type":"BreadcrumbList","@id":"https:\/\/stall-weingarten.de\/#breadcrumb","itemListElement":[{"@type":"ListItem","position":1,"name":"Startseite","item":"https:\/\/stall-weingarten.de\/"},{"@type":"ListItem","position":2,"name":"Home"}]},{"@type":"WebSite","@id":"https:\/\/stall-weingarten.de\/#website","url":"https:\/\/stall-weingarten.de\/","name":"Hof Weingarten","description":"Pferdepension &amp; Wanderreitstation","publisher":{"@id":"https:\/\/stall-weingarten.de\/#\/schema\/person\/ca106827ebd052b83d652c5b12d2c0f3"},"potentialAction":[{"@type":"SearchAction","target":{"@type":"EntryPoint","urlTemplate":"https:\/\/stall-weingarten.de\/?s={search_term_string}"},"query-input":"required name=search_term_string"}],"inLanguage":"de-DE"},{"@type":["Person","Organization"],"@id":"https:\/\/stall-weingarten.de\/#\/schema\/person\/ca106827ebd052b83d652c5b12d2c0f3","name":"Andrea Wittlich","image":{"@type":"ImageObject","inLanguage":"de-DE","@id":"https:\/\/stall-weingarten.de\/#\/schema\/person\/image\/","url":"https:\/\/secure.gravatar.com\/avatar\/15ec4d3210784bd1805dce609e677d23?s=96&d=mm&r=g","contentUrl":"https:\/\/secure.gravatar.com\/avatar\/15ec4d3210784bd1805dce609e677d23?s=96&d=mm&r=g","caption":"Andrea Wittlich"},"logo":{"@id":"https:\/\/stall-weingarten.de\/#\/schema\/person\/image\/"},"sameAs":["http:\/\/Stall-Weingarten.de"]}]}},"_links":{"self":[{"href":"https:\/\/stall-weingarten.de\/index.php\/wp-json\/wp\/v2\/pages\/25"}],"collection":[{"href":"https:\/\/stall-weingarten.de\/index.php\/wp-json\/wp\/v2\/pages"}],"about":[{"href":"https:\/\/stall-weingarten.de\/index.php\/wp-json\/wp\/v2\/types\/page"}],"author":[{"embeddable":true,"href":"https:\/\/stall-weingarten.de\/index.php\/wp-json\/wp\/v2\/users\/1"}],"replies":[{"embeddable":true,"href":"https:\/\/stall-weingarten.de\/index.php\/wp-json\/wp\/v2\/comments?post=25"}],"version-history":[{"count":53,"href":"https:\/\/stall-weingarten.de\/index.php\/wp-json\/wp\/v2\/pages\/25\/revisions"}],"predecessor-version":[{"id":875,"href":"https:\/\/stall-weingarten.de\/index.php\/wp-json\/wp\/v2\/pages\/25\/revisions\/875"}],"wp:attachment":[{"href":"https:\/\/stall-weingarten.de\/index.php\/wp-json\/wp\/v2\/media?parent=25"}],"curies":[{"name":"wp","href":"https:\/\/api.w.org\/{rel}","templated":true}]}}

<p><img loading="lazy" decoding="async" class="aligncenter wp-image-778 size-full" src="https://stall-weingarten.de/wp-content/uploads/2022/05/cropped-Banner_Home.jpg" alt="" width="1440" height="221" srcset="https://stall-weingarten.de/wp-content/uploads/2022/05/cropped-Banner_Home.jpg 1440w, https://stall-weingarten.de/wp-content/uploads/2022/05/cropped-Banner_Home-300x46.jpg 300w, https://stall-weingarten.de/wp-content/uploads/2022/05/cropped-Banner_Home-1024x157.jpg 1024w, https://stall-weingarten.de/wp-content/uploads/2022/05/cropped-Banner_Home-768x118.jpg 768w, https://stall-weingarten.de/wp-content/uploads/2022/05/cropped-Banner_Home-945x145.jpg 945w, https://stall-weingarten.de/wp-content/uploads/2022/05/cropped-Banner_Home-600x92.jpg 600w" sizes="(max-width: 1440px) 100vw, 1440px" /></p>
<h1 style="text-align: left;">Herzlich willkommen auf dem<br />
Hof Weingarten</h1>
<p style="text-align: left;">Wir begrüßen euch in familiärer Atmosphäre auf unserem Bauernhof im Naturpark Rhein Westerwald. Auf der Höhe des Fockenbachtals gelegen führen wir unseren Hof Weingarten mit Pferdepension.&nbsp;</p>
<p style="text-align: left;">Als höchstgelegene Gemeinde im Kreis Neuwied (401 m üNN) führen euch eure Ritte durch beeindruckende Landschaften mit herrlichen Ausblicken Richtung Siebengebirge, Eifel und Hunsrück. Auch romantische Täler, in denen noch Spuren des frühen Erzabbaus zu sehen sind, warten darauf, von euch erkundet zu werden.</p>
<p>Unsere beliebten Ponyfreizeiten führen wir auch weiterhin in kleinerem Rahmen fort. Schaut euch dazu gerne die<span class="apple-converted-space">&nbsp;</span><a href="https://stall-weingarten.de/index.php/termine-2026/"><strong>Termine 2026</strong></a><span class="apple-converted-space">&nbsp;</span>auf unserer Website an, um mehr zu erfahren!</p>
<p>Unser Familienunternehmen auf der Escherwiese wird bereits in der dritten Generation geführt. Mit unserer Tochter Lilli Weingarten ist die Zukunft unseres Hofes ebenfalls gesichert.</p>
<p>Wir freuen uns über euren persönlichen Besuch!</p>
<p><em><strong>Familie Weingarten</strong></em></p>
<p>&nbsp;</p>
<p>&nbsp;</p>

<p>Herzlich willkommen auf dem Hof Weingarten Wir begrüßen euch in familiärer Atmosphäre auf unserem Bauernhof im Naturpark Rhein Westerwald. Auf der Höhe des Fockenbachtals gelegen führen wir unseren Hof Weingarten mit Pferdepension.&nbsp; Als höchstgelegene Gemeinde im Kreis Neuwied (401 m&#8230; <a class="more-link" href="https://stall-weingarten.de/">Weiterlesen &rarr;</a></p>

<!-- This site is optimized with the Yoast SEO plugin v19.5.1 - https://yoast.com/wordpress/plugins/seo/ -->
<title>Home - Hof Weingarten</title>
<meta name="robots" content="index, follow, max-snippet:-1, max-image-preview:large, max-video-preview:-1" />
<link rel="canonical" href="https://stall-weingarten.de/" />
<meta property="og:locale" content="de_DE" />
<meta property="og:type" content="article" />
<meta property="og:title" content="Home - Hof Weingarten" />
<meta property="og:description" content="Herzlich willkommen auf dem Hof Weingarten Wir begrüßen euch in familiärer Atmosphäre auf unserem Bauernhof im Naturpark Rhein Westerwald. Auf der Höhe des Fockenbachtals gelegen führen wir unseren Hof Weingarten mit Pferdepension.&nbsp; Als höchstgelegene Gemeinde im Kreis Neuwied (401 m... Weiterlesen &rarr;" />
<meta property="og:url" content="https://stall-weingarten.de/" />
<meta property="og:site_name" content="Hof Weingarten" />
<meta property="article:modified_time" content="2026-01-02T12:04:15+00:00" />
<meta property="og:image" content="https://stall-weingarten.de/wp-content/uploads/2022/05/cropped-Banner_Home.jpg" />
<meta name="twitter:card" content="summary" />
<meta name="twitter:label1" content="Geschätzte Lesezeit" />
	<meta name="twitter:data1" content="2 Minuten" />
<script type="application/ld+json" class="yoast-schema-graph">{"@context":"https://schema.org","@graph":[{"@type":"WebPage","@id":"https://stall-weingarten.de/","url":"https://stall-weingarten.de/","name":"Home - Hof Weingarten","isPartOf":{"@id":"https://stall-weingarten.de/#website"},"datePublished":"2016-06-24T08:37:58+00:00","dateModified":"2026-01-02T12:04:15+00:00","breadcrumb":{"@id":"https://stall-weingarten.de/#breadcrumb"},"inLanguage":"de-DE","potentialAction":[{"@type":"ReadAction","target":["https://stall-weingarten.de/"]}]},{"@type":"BreadcrumbList","@id":"https://stall-weingarten.de/#breadcrumb","itemListElement":[{"@type":"ListItem","position":1,"name":"Startseite","item":"https://stall-weingarten.de/"},{"@type":"ListItem","position":2,"name":"Home"}]},{"@type":"WebSite","@id":"https://stall-weingarten.de/#website","url":"https://stall-weingarten.de/","name":"Hof Weingarten","description":"Pferdepension &amp; Wanderreitstation","publisher":{"@id":"https://stall-weingarten.de/#/schema/person/ca106827ebd052b83d652c5b12d2c0f3"},"potentialAction":[{"@type":"SearchAction","target":{"@type":"EntryPoint","urlTemplate":"https://stall-weingarten.de/?s={search_term_string}"},"query-input":"required name=search_term_string"}],"inLanguage":"de-DE"},{"@type":["Person","Organization"],"@id":"https://stall-weingarten.de/#/schema/person/ca106827ebd052b83d652c5b12d2c0f3","name":"Andrea Wittlich","image":{"@type":"ImageObject","inLanguage":"de-DE","@id":"https://stall-weingarten.de/#/schema/person/image/","url":"https://secure.gravatar.com/avatar/15ec4d3210784bd1805dce609e677d23?s=96&d=mm&r=g","contentUrl":"https://secure.gravatar.com/avatar/15ec4d3210784bd1805dce609e677d23?s=96&d=mm&r=g","caption":"Andrea Wittlich"},"logo":{"@id":"https://stall-weingarten.de/#/schema/person/image/"},"sameAs":["http://Stall-Weingarten.de"]}]}</script>
<!-- / Yoast SEO plugin. -->

Herzlich willkommen auf dem Hof Weingarten Wir begrüßen euch in familiärer Atmosphäre auf unserem Bauernhof im Naturpark Rhein Westerwald. Auf der Höhe des Fockenbachtals gelegen führen wir unseren Hof Weingarten mit Pferdepension.&nbsp; Als höchstgelegene Gemeinde im Kreis Neuwied (401 m... Weiterlesen &rarr;
